{"id":113,"date":"2026-04-04T23:25:52","date_gmt":"2026-04-05T02:25:52","guid":{"rendered":"https:\/\/arquivosweb.com.br\/blog\/?page_id=113"},"modified":"2026-04-05T15:04:29","modified_gmt":"2026-04-05T18:04:29","slug":"contato","status":"publish","type":"page","link":"https:\/\/arquivosweb.com.br\/blog\/contato\/","title":{"rendered":"Contato"},"content":{"rendered":"<h2 data-section-id=\"w5kxd3\" data-start=\"107\" data-end=\"135\">Contato \u2013 ArquivosWeb<\/h2>\n<p data-start=\"137\" data-end=\"252\">Precisa de ajuda, tirar d\u00favidas ou falar com a nossa equipe? Estamos aqui para te atender da melhor forma poss\u00edvel.<\/p>\n<hr data-start=\"254\" data-end=\"257\" \/>\n<h3 data-section-id=\"1p00ctn\" data-start=\"259\" data-end=\"278\">Fale conosco<\/h3>\n<p data-start=\"280\" data-end=\"316\">Se voc\u00ea tiver qualquer d\u00favida sobre:<\/p>\n<ul data-start=\"318\" data-end=\"433\">\n<li data-section-id=\"z53onl\" data-start=\"318\" data-end=\"338\">Produtos da loja<\/li>\n<li data-section-id=\"dg5eat\" data-start=\"339\" data-end=\"372\">Download de arquivos digitais<\/li>\n<li data-section-id=\"58ytgr\" data-start=\"373\" data-end=\"406\">Tutoriais e conte\u00fados do blog<\/li>\n<li data-section-id=\"77u16m\" data-start=\"407\" data-end=\"433\">Parcerias ou sugest\u00f5es<\/li>\n<\/ul>\n<p data-start=\"435\" data-end=\"485\">Entre em contato conosco atrav\u00e9s do e-mail abaixo:<\/p>\n<p data-start=\"487\" data-end=\"530\">\ud83d\udce7 <strong data-start=\"490\" data-end=\"501\">E-mail:<\/strong> <a class=\"decorated-link cursor-pointer\" rel=\"noopener\" data-start=\"502\" data-end=\"528\">contato@arquivosweb.com.br<\/a><\/p>\n<hr data-start=\"532\" data-end=\"535\" \/>\n<h3 data-section-id=\"gvzzl3\" data-start=\"537\" data-end=\"561\">Tempo de resposta<\/h3>\n<p data-start=\"563\" data-end=\"615\">Nosso prazo de resposta \u00e9 de at\u00e9 <strong data-start=\"596\" data-end=\"614\">24 horas \u00fateis<\/strong>.<\/p>\n<p data-start=\"617\" data-end=\"696\">Buscamos responder o mais r\u00e1pido poss\u00edvel para garantir sua melhor experi\u00eancia.<\/p>\n<hr data-start=\"698\" data-end=\"701\" \/>\n<h3 data-section-id=\"m2zcvg\" data-start=\"703\" data-end=\"736\">Antes de entrar em contato<\/h3>\n<p data-start=\"738\" data-end=\"782\">Para agilizar seu atendimento, recomendamos:<\/p>\n<ul data-start=\"784\" data-end=\"950\">\n<li data-section-id=\"19ovbtu\" data-start=\"784\" data-end=\"856\">Verificar sua caixa de spam (em caso de n\u00e3o recebimento de arquivos)<\/li>\n<li data-section-id=\"1nkv6i2\" data-start=\"857\" data-end=\"902\">Conferir os tutoriais dispon\u00edveis no blog<\/li>\n<li data-section-id=\"1lstxqq\" data-start=\"903\" data-end=\"950\">Revisar as informa\u00e7\u00f5es do produto adquirido<\/li>\n<\/ul>\n<hr data-start=\"952\" data-end=\"955\" \/>\n<h3 data-section-id=\"1uzft61\" data-start=\"957\" data-end=\"973\">Parcerias<\/h3>\n<p data-start=\"975\" data-end=\"1088\">Se voc\u00ea deseja propor parcerias, divulgar produtos ou colaborar com o blog, envie sua proposta pelo e-mail acima.<\/p>\n<hr data-start=\"1090\" data-end=\"1093\" \/>\n<h3 data-section-id=\"12vvpo2\" data-start=\"1095\" data-end=\"1119\">Nosso compromisso<\/h3>\n<p data-start=\"1121\" data-end=\"1255\">Nosso objetivo \u00e9 oferecer um atendimento r\u00e1pido, claro e eficiente, garantindo que voc\u00ea tenha a melhor experi\u00eancia com a Arquivos Web.<\/p>\n","protected":false},"excerpt":{"rendered":"<p>Contato \u2013 ArquivosWeb Precisa de ajuda, tirar d\u00favidas ou falar com a nossa equipe? Estamos aqui para te atender da<\/p>\n","protected":false},"author":1,"featured_media":0,"parent":0,"menu_order":0,"comment_status":"closed","ping_status":"closed","template":"","meta":{"footnotes":""},"class_list":["post-113","page","type-page","status-publish","hentry"],"yoast_head":"<!-- This site is optimized with the Yoast SEO plugin v27.4 - https:\/\/yoast.com\/product\/yoast-seo-wordpress\/ -->\n<title>Contato - ArquivosWeb<\/title>\n<meta name=\"robots\" content=\"index, follow, max-snippet:-1, max-image-preview:large, max-video-preview:-1\" \/>\n<link rel=\"canonical\" href=\"https:\/\/arquivosweb.com.br\/blog\/contato\/\" \/>\n<meta property=\"og:locale\" content=\"pt_BR\" \/>\n<meta property=\"og:type\" content=\"article\" \/>\n<meta property=\"og:title\" content=\"Contato - ArquivosWeb\" \/>\n<meta property=\"og:description\" content=\"Contato \u2013 ArquivosWeb Precisa de ajuda, tirar d\u00favidas ou falar com a nossa equipe? Estamos aqui para te atender da\" \/>\n<meta property=\"og:url\" content=\"https:\/\/arquivosweb.com.br\/blog\/contato\/\" \/>\n<meta property=\"og:site_name\" content=\"ArquivosWeb\" \/>\n<meta property=\"article:modified_time\" content=\"2026-04-05T18:04:29+00:00\" \/>\n<meta name=\"twitter:card\" content=\"summary_large_image\" \/>\n<meta name=\"twitter:label1\" content=\"Est. tempo de leitura\" \/>\n\t<meta name=\"twitter:data1\" content=\"1 minuto\" \/>\n<script type=\"application\/ld+json\" class=\"yoast-schema-graph\">{\"@context\":\"https:\\\/\\\/schema.org\",\"@graph\":[{\"@type\":\"WebPage\",\"@id\":\"https:\\\/\\\/arquivosweb.com.br\\\/blog\\\/contato\\\/\",\"url\":\"https:\\\/\\\/arquivosweb.com.br\\\/blog\\\/contato\\\/\",\"name\":\"Contato - ArquivosWeb\",\"isPartOf\":{\"@id\":\"https:\\\/\\\/arquivosweb.com.br\\\/blog\\\/#website\"},\"datePublished\":\"2026-04-05T02:25:52+00:00\",\"dateModified\":\"2026-04-05T18:04:29+00:00\",\"breadcrumb\":{\"@id\":\"https:\\\/\\\/arquivosweb.com.br\\\/blog\\\/contato\\\/#breadcrumb\"},\"inLanguage\":\"pt-BR\",\"potentialAction\":[{\"@type\":\"ReadAction\",\"target\":[\"https:\\\/\\\/arquivosweb.com.br\\\/blog\\\/contato\\\/\"]}]},{\"@type\":\"BreadcrumbList\",\"@id\":\"https:\\\/\\\/arquivosweb.com.br\\\/blog\\\/contato\\\/#breadcrumb\",\"itemListElement\":[{\"@type\":\"ListItem\",\"position\":1,\"name\":\"In\u00edcio\",\"item\":\"https:\\\/\\\/arquivosweb.com.br\\\/blog\\\/\"},{\"@type\":\"ListItem\",\"position\":2,\"name\":\"Contato\"}]},{\"@type\":\"WebSite\",\"@id\":\"https:\\\/\\\/arquivosweb.com.br\\\/blog\\\/#website\",\"url\":\"https:\\\/\\\/arquivosweb.com.br\\\/blog\\\/\",\"name\":\"ArquivosWeb\",\"description\":\"Sua Fonte Completa de Arquivos Digitais Profissionais\",\"publisher\":{\"@id\":\"https:\\\/\\\/arquivosweb.com.br\\\/blog\\\/#organization\"},\"potentialAction\":[{\"@type\":\"SearchAction\",\"target\":{\"@type\":\"EntryPoint\",\"urlTemplate\":\"https:\\\/\\\/arquivosweb.com.br\\\/blog\\\/?s={search_term_string}\"},\"query-input\":{\"@type\":\"PropertyValueSpecification\",\"valueRequired\":true,\"valueName\":\"search_term_string\"}}],\"inLanguage\":\"pt-BR\"},{\"@type\":\"Organization\",\"@id\":\"https:\\\/\\\/arquivosweb.com.br\\\/blog\\\/#organization\",\"name\":\"ArquivosWeb\",\"url\":\"https:\\\/\\\/arquivosweb.com.br\\\/blog\\\/\",\"logo\":{\"@type\":\"ImageObject\",\"inLanguage\":\"pt-BR\",\"@id\":\"https:\\\/\\\/arquivosweb.com.br\\\/blog\\\/#\\\/schema\\\/logo\\\/image\\\/\",\"url\":\"https:\\\/\\\/arquivosweb.com.br\\\/blog\\\/wp-content\\\/uploads\\\/2026\\\/03\\\/logo-oficial-arquivosweb.webp\",\"contentUrl\":\"https:\\\/\\\/arquivosweb.com.br\\\/blog\\\/wp-content\\\/uploads\\\/2026\\\/03\\\/logo-oficial-arquivosweb.webp\",\"width\":377,\"height\":75,\"caption\":\"ArquivosWeb\"},\"image\":{\"@id\":\"https:\\\/\\\/arquivosweb.com.br\\\/blog\\\/#\\\/schema\\\/logo\\\/image\\\/\"}}]}<\/script>\n<!-- \/ Yoast SEO plugin. -->","yoast_head_json":{"title":"Contato - ArquivosWeb","robots":{"index":"index","follow":"follow","max-snippet":"max-snippet:-1","max-image-preview":"max-image-preview:large","max-video-preview":"max-video-preview:-1"},"canonical":"https:\/\/arquivosweb.com.br\/blog\/contato\/","og_locale":"pt_BR","og_type":"article","og_title":"Contato - ArquivosWeb","og_description":"Contato \u2013 ArquivosWeb Precisa de ajuda, tirar d\u00favidas ou falar com a nossa equipe? Estamos aqui para te atender da","og_url":"https:\/\/arquivosweb.com.br\/blog\/contato\/","og_site_name":"ArquivosWeb","article_modified_time":"2026-04-05T18:04:29+00:00","twitter_card":"summary_large_image","twitter_misc":{"Est. tempo de leitura":"1 minuto"},"schema":{"@context":"https:\/\/schema.org","@graph":[{"@type":"WebPage","@id":"https:\/\/arquivosweb.com.br\/blog\/contato\/","url":"https:\/\/arquivosweb.com.br\/blog\/contato\/","name":"Contato - ArquivosWeb","isPartOf":{"@id":"https:\/\/arquivosweb.com.br\/blog\/#website"},"datePublished":"2026-04-05T02:25:52+00:00","dateModified":"2026-04-05T18:04:29+00:00","breadcrumb":{"@id":"https:\/\/arquivosweb.com.br\/blog\/contato\/#breadcrumb"},"inLanguage":"pt-BR","potentialAction":[{"@type":"ReadAction","target":["https:\/\/arquivosweb.com.br\/blog\/contato\/"]}]},{"@type":"BreadcrumbList","@id":"https:\/\/arquivosweb.com.br\/blog\/contato\/#breadcrumb","itemListElement":[{"@type":"ListItem","position":1,"name":"In\u00edcio","item":"https:\/\/arquivosweb.com.br\/blog\/"},{"@type":"ListItem","position":2,"name":"Contato"}]},{"@type":"WebSite","@id":"https:\/\/arquivosweb.com.br\/blog\/#website","url":"https:\/\/arquivosweb.com.br\/blog\/","name":"ArquivosWeb","description":"Sua Fonte Completa de Arquivos Digitais Profissionais","publisher":{"@id":"https:\/\/arquivosweb.com.br\/blog\/#organization"},"potentialAction":[{"@type":"SearchAction","target":{"@type":"EntryPoint","urlTemplate":"https:\/\/arquivosweb.com.br\/blog\/?s={search_term_string}"},"query-input":{"@type":"PropertyValueSpecification","valueRequired":true,"valueName":"search_term_string"}}],"inLanguage":"pt-BR"},{"@type":"Organization","@id":"https:\/\/arquivosweb.com.br\/blog\/#organization","name":"ArquivosWeb","url":"https:\/\/arquivosweb.com.br\/blog\/","logo":{"@type":"ImageObject","inLanguage":"pt-BR","@id":"https:\/\/arquivosweb.com.br\/blog\/#\/schema\/logo\/image\/","url":"https:\/\/arquivosweb.com.br\/blog\/wp-content\/uploads\/2026\/03\/logo-oficial-arquivosweb.webp","contentUrl":"https:\/\/arquivosweb.com.br\/blog\/wp-content\/uploads\/2026\/03\/logo-oficial-arquivosweb.webp","width":377,"height":75,"caption":"ArquivosWeb"},"image":{"@id":"https:\/\/arquivosweb.com.br\/blog\/#\/schema\/logo\/image\/"}}]}},"_links":{"self":[{"href":"https:\/\/arquivosweb.com.br\/blog\/wp-json\/wp\/v2\/pages\/113","targetHints":{"allow":["GET"]}}],"collection":[{"href":"https:\/\/arquivosweb.com.br\/blog\/wp-json\/wp\/v2\/pages"}],"about":[{"href":"https:\/\/arquivosweb.com.br\/blog\/wp-json\/wp\/v2\/types\/page"}],"author":[{"embeddable":true,"href":"https:\/\/arquivosweb.com.br\/blog\/wp-json\/wp\/v2\/users\/1"}],"replies":[{"embeddable":true,"href":"https:\/\/arquivosweb.com.br\/blog\/wp-json\/wp\/v2\/comments?post=113"}],"version-history":[{"count":3,"href":"https:\/\/arquivosweb.com.br\/blog\/wp-json\/wp\/v2\/pages\/113\/revisions"}],"predecessor-version":[{"id":130,"href":"https:\/\/arquivosweb.com.br\/blog\/wp-json\/wp\/v2\/pages\/113\/revisions\/130"}],"wp:attachment":[{"href":"https:\/\/arquivosweb.com.br\/blog\/wp-json\/wp\/v2\/media?parent=113"}],"curies":[{"name":"wp","href":"https:\/\/api.w.org\/{rel}","templated":true}]}}